-2*d + 25. Let w(i) = -5*i + 76. Let u(o) = -11*g(o) + 4*w(o). Let s(y) = y**2 - 73*y - 394. Let v be s(78). List the prime factors of u(v).
3, 7
Let f be -2 + (-1)/(-2) - 14/(-4). Let h(m) = -41 + 0 + 4*m - 2*m + f*m. List the prime factors of h(20).
3, 13
Suppose 5*z + 8*f = 12*f + 3400, 0 = 49*z + 5*f - 33099. What are the prime factors of z?
2, 13
Let w = -649 + 873. What are the prime factors of (-7)/w*-8*1628?
11, 37
Let s(d) = -772*d + 2456. List the prime factors of s(-15).
2, 11, 29
Suppose -u - 2 = -2*u. Suppose 38*o - 36*o = -66*o + 136. Suppose r + 4*s - 23 = 0, 8 + 48 = u*r - o*s. What are the prime factors of r?
3
Let t(s) = 7499*s**2 - 21*s + 15. What are the prime factors of t(2)?
23, 1303
Let t be 0 + (5/3)/((-3)/(-333)). Let m = 2375 + t. Suppose -12*p + m = 4*p. What are the prime factors of p?
2, 5
List the prime factors of (-144)/14*(-20)/120*952.
2, 3, 17
Let a be 11/((-88)/64) - 66/2. Suppose 2*u = -5*i + 116, 0 = 3*u + 2*i - 81 - 93. Let c = u + a. List the prime factors of c.
17
Let t = 199 - 77. Let b = t + -85. List the prime factors of b.
37
Let o be 2/(-4)*(135/15 - 7). Let d(c) = 16*c**2 + 7*c + 8. List the prime factors of d(o).
17
Suppose 0 = -k + 15 - 18. Let o be (-2232)/(-3)*2*k/(-9). List the prime factors of (-6)/4*o/(-24).
31
List the prime factors of (4/3)/(35/(-210)) + 14994.
2, 59, 127
Let z = 10740 + -6193. List the prime factors of z.
4547
Let b = -1192 - -606. Let j = b + 1192. List the prime factors of j.
2, 3, 101
Suppose -p = 2*y + 1704 + 199, 4*p - y = -7621. What are the prime factors of (1 - p/(-6))*-6?
3, 211
Suppose 4*s - 3659 - 13714 = s. What are the prime factors of s?
5791
Let f(p) = -2*p**2 + 0*p**2 - 1 + 2*p**2 + 2*p**2. Let g be f(5). What are the prime factors of g - (0 - 4 - -3)?
2, 5
Let y(t) = 12*t**2 - 727*t. List the prime factors of y(-5).
5, 787
Suppose -4*y - 2*d = -7658, 5*d + 1256 = y - 675. Suppose -10*s + 6734 + y = 0. What are the prime factors of s?
5, 173
Suppose -4*r + 3*a + 23 = 0, 4*r + a = -0*a + 35. Suppose 22*g = 4*g + 32220. Suppose r*h - g = -2*h. What are the prime factors of h?
179
Suppose -203*r = -205*r + 226. Suppose 107*a + 1356 = r*a. What are the prime factors of a?
2, 113
List the prime factors of 22/(440/(-1816110))*(-2 - 24/(-18)).
3, 17, 1187
Let a be ((-2)/(-1))/(32/80). Suppose -5*s + a = 0, 2*u - 3*s - 677 = -6*s. List the prime factors of u.
337
Suppose -61*l + 78*l - 71723 = 0. What are the prime factors of l?
4219
Let n be (-1)/9*-15 + 4/(-6). What are the prime factors of ((1072 - 4)/3)/n?
2, 89
Let j be ((-3)/2 - -3)*(-60)/(-18). Suppose 66 = -m - j*m. Let n(v) = v**3 + 11*v**2 - 9*v + 24. What are the prime factors of n(m)?
3, 41
Let h(a) = -204*a - 1. Let g be h(1). Let y = -98 - g. Suppose 5*z - y = 4*z. List the prime factors of z.
107
Let d(h) = -11*h**3 + 564*h**2 + 30*h - 71. What are the prime factors of d(51)?
2, 11, 421
Suppose -3*i = -3*l - 6, 0 = 2*l - 3*i + 3 + 5. Suppose -l*h - 2 + 6 = 0. Let m(t) = 35*t**2 - 3*t + 2. List the prime factors of m(h).
2, 17
Let a(n) = 38*n**2 + 29*n - 116. What are the prime factors of a(26)?
2, 13163
Let n(k) = k**2 + 4*k - 2. Let j be n(1). Suppose -j*q - o + 861 = 0, 1263 = 4*q + 4*o + 123. Suppose -2*v - q = -11*v. What are the prime factors of v?
2
List the prime factors of (-2)/(-5) - (-17 - (-50636)/(-10)).
5081
Suppose 3*o - m = -3, 5*m = 2*m - 9. Let v = o + 7. Suppose -10 = -v*p + 150. List the prime factors of p.
2
Suppose -12830 = -2*s + 16978. List the prime factors of s.
2, 3, 23
Suppose -72*p + 203433 = 11*p. List the prime factors of p.
3, 19, 43
Suppose -118*y = -54*y - 81*y + 31858. What are the prime factors of y?
2, 937
Let r be 6 - (646 - (-24)/6). Let z = r - -2522. What are the prime factors of z?
2, 3, 313
Suppose r + 3*m = 7, 0 = 3*m + m - 4. Suppose -4*i = r*h - 244, -h + 0*i - 5*i = -61. What are the prime factors of h?
61
Let b(v) = -v**3 - 8*v**2 + 8*v + 2. Let q(x) = -x**2 + 2*x + 38. Let n be q(-6). What are the prime factors of b(n)?
2, 61
Let k = 289 + -282. Suppose 0 = -2*i - 2*a + 574, -5*i + k*i = 5*a + 609. What are the prime factors of i?
2, 73
List the prime factors of (70660 - (-420)/20) + 0.
13, 5437
Suppose -147*b = -142*b - 115. Let y = -23 + b. Suppose 5*v - 2*w + y*w - 1184 = 0, -v + 241 = w. List the prime factors of v.
2, 7, 17
Let j = -2297 - -3330. What are the prime factors of j?
1033
Let c(l) = -122*l**3 + 3*l**2 + l - 3. Let z be c(1). Let u = 27 - z. List the prime factors of u.
2, 37
Let y(c) = -c**2 + 41*c. Let b = 71 - 53. What are the prime factors of y(b)?
2, 3, 23
Suppose 256*c + 12339 = 245*c + 185600. List the prime factors of c.
19, 829
Let r(w) = w**2 + 11*w + 2. Let c be (5*4/30)/(2/33). Let x be r(c). Let p = -85 + x. What are the prime factors of p?
3, 53
Let z be 0*((2 - (-5)/(-2)) + 0). Suppose z = -3*i + 4*d + 957 - 257, 4*i - 5*d - 934 = 0. Suppose -4*n = -6*n + i. What are the prime factors of n?
2, 59
Let a = 113 - 30. Let w = -76 + a. Suppose w*c - 59 = 4. What are the prime factors of c?
3
Let q be (-558)/(-124)*8/9. Suppose q*f = 5*h + 1959, 0 = 2*h - 10 - 0. List the prime factors of f.
2, 31
Let v be 6584/(-12) + 6/9. Let h = v - -1382. List the prime factors of h.
2, 3, 139
List the prime factors of (-12)/(-8)*(323695/15 + 5).
32377
What are the prime factors of (-1)/29 - (-588069166)/8497?
7, 9887
Let q(z) = -26*z + 10. Let t be ((-6)/(-4) - 1)/(23/(-276)). List the prime factors of q(t).
2, 83
Let q(w) = -10*w**3 - w**2 - w + 8. Suppose -3*j - 11 = 1. Let o be q(j). Suppose 0 = -6*y + 18*y - o. List the prime factors of y.
53
Suppose 2*d - 5*n - 400 = 0, 5*d - 5*n - 1015 = -0*d. Suppose 10*j + 2*j + 924 = 0. Let u = j + d. List the prime factors of u.
2
Let j(l) = 47*l**3 - 10*l**2 + 22*l - 24. List the prime factors of j(8).
2, 7, 421
Suppose -9234 = 53*b - 524553. List the prime factors of b.
3, 7, 463
Let p = 27585 - 18364. List the prime factors of p.
9221
Suppose 2*t - b = 5934, -5*t - 2*b = -t - 11852. What are the prime factors of t?
5, 593
Let o = 85963 + -37536. What are the prime factors of o?
79, 613
Let x be (-26)/(-4 + (-130)/(-35)). Suppose 4*s = x + 261. List the prime factors of s.
2, 11
List the prime factors of (2/(-6))/(-9*(-9)/(-5954958)).
2, 12253
Suppose 5808 = -14*w + 31*w - 5*w. What are the prime factors of w?
2, 11
Let k(d) = 4*d - 14*d - d - 7*d + 6. Let t(g) = -1. Let o(c) = k(c) + 4*t(c). List the prime factors of o(-6).
2, 5, 11
Let t = 18 - 15. Suppose 3*j - 7*r + 2*r + 2 = 0, 0 = t*j - r - 14. Suppose 3*y + 618 = j*y - a, -2*a - 621 = -3*y. What are the prime factors of y?
5, 41
Let x(t) = 1045*t - 771. List the prime factors of x(5).
2, 17, 131
Let w(o) = -48*o + 8*o + 4 + 3. Let b(y) = -y**2 - 6*y + 37. Let c be b(4). What are the prime factors of w(c)?
127
Let i = -69 - -118. Suppose i*l = 22*l + 9774. List the prime factors of l.
2, 181
Let x be 1*21/(-7) + (16 - 1). Suppose x = 19*h - 15*h. What are the prime factors of ((-9)/5)/h + 2868/30?
5, 19
Let c be 6*(12 + -15)*(-1)/6. List the prime factors of 1044 + 1/(c/(3 - 0)).
5, 11, 19
Let z(x) = x**3 + 10*x**2 + 21*x - 2. Suppose 0 = 5*p + 13 - 338. Suppose p = -2*y - 11*y. List the prime factors of z(y).
2, 3
Let j(n) = 20*n + 12. Let u = 51 - 53. Let t be 5 + -3 + (-6)/u. List the prime factors of j(t).
2, 7
Let a = 13 - 93. Let t = a + 165. What are the prime factors of t?
5, 17
Let g be 192/120 + (-2)/(-5) + -7. What are the prime factors of 11073/12 + 5 + g/(-4)?
929
Let i(u) = -112*u - 2. Let r be i(-4). Suppose -13*d - r = -15*d - 4*a, -3*d - 4*a + 661 = 0. List the prime factors of d.
5, 43
Let r = 17 - 14. Suppose r*m + 2 + 37 = 0. List the prime factors of (-2613)/m - 1/1.
2, 5
Let g be (-2)/(24/15)*8. Let i be (g/(-5) + 3)*1. Suppose 5*o - 355 = 2*q, -q + 350 = i*o - 2*q. List the prime factors of o.
3, 23
Let u be 5 + (0 - 0) - (-1 + -3). List the prime factors of (102/(u - 8))/(1/4).
2, 3, 17
Suppose -8*c + 10*c + d = 67543, -c + 33769 = -2*d. List the prime factors of c.
3, 11257
Let r be 7/(-2*2/8). Suppose 27*q - 1815 = -6*q. Let h = r + q. What are the prime factors of h?
41
Suppose 552*i = 551*i + 11684. List the prime factors of i.
2, 23, 127
Let k(u) = -43*u + 21. Let q be k(3). Let s = 209 + q. List the prim